j**2 - 16*j - 32. Determine d(-16).
-32
Let i(w) = -13*w**2 + w + 2. Calculate i(2).
-48
Let o(t) = -t**3 + 16*t**2 + 18*t - 13. Give o(17).
4
Let l(u) = -u**3 - u + 38. Calculate l(0).
38
Let k(d) = 8*d**2 - 5*d + 10. What is k(2)?
32
Let j(g) = 2*g**2 + 7*g + 7. Determine j(-4).
11
Let y(d) = 4*d + 9. What is y(4)?
25
Let g(m) = 2*m**3 + 2*m**2 - 4*m + 3. What is g(1)?
3
Let v(l) = l + 17. What is v(-12)?
5
Let l(t) = t + 23. What is l(9)?
32
Let g(a) = -a**3 - 12*a**2 - 35*a + 2. Determine g(-6).
-4
Let i(q) = -q**3 - 3*q**2 + 3*q + 4. Give i(-4).
8
Let n(g) = 19*g**2 + g. Give n(-1).
18
Let h(n) = -n**3 + 3*n**2 + 10*n. What is h(5)?
0
Let f(h) = -2*h - 23. Calculate f(-7).
-9
Let a(y) = 6*y + 18. Calculate a(-4).
-6
Let g(w) = 3*w**2 + 19*w. Determine g(-8).
40
Let z(v) = 5*v**2 + 25*v - 27. Give z(-6).
3
Let z(y) = -y**3 + 3*y**2 + y + 4. What is z(3)?
7
Let t(r) = -31*r - 284. Give t(-9).
-5
Let v(o) = 108*o**2 + 2. What is v(-1)?
110
Let l(u) = -22*u**3 - 4*u**2 - 4*u - 1. What is l(-1)?
21
Let k(c) = 8*c - 189. Determine k(19).
-37
Let q(p) = 3*p + 7. Give q(-12).
-29
Let v(f) = f**2 + 6*f + 15. What is v(-6)?
15
Let a(m) = m**3 + 9*m**2 - 10*m + 6. Calculate a(-10).
6
Let z(b) = b**2 + 9*b - 4. Give z(-10).
6
Let u(k) = k**3 + 20*k**2 + 4*k + 33. Determine u(-20).
-47
Let a(h) = h**2 + 9*h - 5. Give a(-10).
5
Let i(b) = -b**3 + 25*b**2 - 25*b + 57. What is i(24)?
33
Let f(a) = -13*a + 111. Determine f(8).
7
Let r(h) = h**2 + 4*h - 5. What is r(-6)?
7
Let q(t) = 2*t**2 - 2*t + 1. Give q(4).
25
Let b(y) = -4*y + 35. Calculate b(8).
3
Let r(u) = u**3 + 15*u**2 - 15*u + 22. Determine r(-16).
6
Let r(d) = 43*d + 433. Calculate r(-10).
3
Let k(p) = -3*p + 35. Calculate k(18).
-19
Let d(p) = 15*p + 2. Determine d(3).
47
Let r(c) = c**2 - c + 2. Calculate r(6).
32
Let p(c) = -4*c + 26. Determine p(7).
-2
Let o(a) = 3*a**2 - 14*a + 3. What is o(6)?
27
Let p(s) = 3*s**2 + 9*s + 6. What is p(-6)?
60
Let r(d) = -d**2 - 14*d - 11. Calculate r(-12).
13
Let b(k) = k**2 + 9*k - 7. What is b(-11)?
15
Let s(n) = -2*n**3 + 5*n**2 + 12*n + 3. What is s(4)?
3
Let n(w) = 2*w**2 + 5*w - 10. What is n(-4)?
2
Let q(n) = n**3 + 2*n**2 - n + 6. Give q(-3).
0
Let d(o) = -5*o**2 + 5*o - 6. What is d(4)?
-66
Let n(w) = -w**3 + 5*w**2 - 4*w - 6. What is n(3)?
0
Let t(x) = x**3 - 9*x**2 - 23*x + 7. Give t(11).
-4
Let b(w) = 2*w - 3. Determine b(6).
9
Let n(o) = -2*o**2 - 34*o - 33. Determine n(-16).
-1
Let l(v) = v**3 + 7*v**2 + 21*v + 90. Give l(-6).
0
Let g(m) = -m**3 - 13*m**2 + m + 18. What is g(-13)?
5
Let o(z) = z + 21. What is o(-13)?
8
Let o(v) = -v**3 - 5*v**2 + v - 20. What is o(-6)?
10
Let g(u) = u**3 + 8*u**2 + 2*u + 1. Calculate g(-8).
-15
Let q(i) = 3*i**2 + 2*i + 4. What is q(-3)?
25
Let s(d) = 2*d**2 + 2*d - 2. Determine s(1).
2
Let o(b) = b**3 - 12*b**2 + 11*b + 9. Calculate o(11).
9
Let c(o) = -o + 7. Determine c(-4).
11
Let t(v) = -v + 6. What is t(-7)?
13
Let x(h) = -h**3 + 10*h**2 + 14*h - 27. Calculate x(11).
6
Let o(w) = -w**2 - 11*w - 9. Determine o(-8).
15
Let t(j) = -j**2 - 14*j + 21. What is t(-4)?
61
Let a(v) = -14*v + 90. What is a(6)?
6
Let k(a) = -3*a**2 + 15*a - 29. Calculate k(2).
-11
Let f(q) = -6*q + 95. What is f(16)?
-1
Let s(g) = g**3 - 10*g**2 + g - 11. What is s(10)?
-1
Let f(x) = 7*x**2 - x + 2. Give f(1).
8
Let o(k) = 33*k + 626. Calculate o(-19).
-1
Let q(d) = -d**2 + 18*d - 2. Determine q(17).
15
Let w(h) = -h + 7. Calculate w(0).
7
Let g(x) = -22*x**2 - x + 3. What is g(2)?
-87
Let m(x) = 13*x - 18. Calculate m(4).
34
Let b(w) = -w**2 - 39*w - 384. Calculate b(-21).
-6
Let s(x) = -x**2 + 13*x - 1. Determine s(12).
11
Let l(h) = 95*h + 114. Determine l(-1).
19
Let u(v) = v**3 - 6*v**2 - 6*v + 8. Calculate u(6).
-28
Let j(v) = v**2 - 4*v - 6. Determine j(5).
-1
Let h(g) = -17*g - 238. Determine h(-13).
-17
Let n(l) = -5*l**2 - l + 2. Give n(-2).
-16
Let p(f) = -f**2 + 11*f - 1. Determine p(8).
23
Let v(m) = m - 9. What is v(5)?
-4
Let x(o) = -8*o**2 + 133*o + 19. Calculate x(17).
-32
Let u(k) = 9*k - 10. Give u(2).
8
Let r(d) = -d**3 - 5*d**2 + 8*d + 5. What is r(-6)?
-7
Let y(f) = f**2 + 9*f + 6. What is y(-3)?
-12
Let m(f) = -3*f**2 + 34*f - 18. Calculate m(11).
-7
Let m(q) = -q**3 - 14*q**2 - 8*q + 42. Calculate m(-13).
-23
Let q(k) = k + 2. What is q(-9)?
-7
Let n(c) = 2*c**2 + c + 2. Determine n(-4).
30
Let n(i) = -62*i - 58. Determine n(-1).
4
Let x(n) = 18*n + 1. Calculate x(2).
37
Let m(n) = -3*n + 32. Determine m(9).
5
Let o(v) = 5*v**2 - 3*v - 1. Calculate o(3).
35
Let t(s) = -4*s - 129. What is t(-36)?
15
Let w(v) = v**3 + 10*v**2 + 5*v - 7. Give w(-9).
29
Let r(p) = -2*p**2 + 4*p - 4. Give r(1).
-2
Let k(x) = x**3 + 10*x**2 - 35*x - 129. Give k(-12).
3
Let s(u) = -5*u - 54. What is s(-12)?
6
Let h(n) = -45*n + 2. What is h(2)?
-88
Let t(b) = 12*b - 110. Calculate t(9).
-2
Let p(l) = 12*l**2 + 144*l + 3. What is p(-12)?
3
Let f(m) = -3*m**3 + 23*m**2 + 8*m - 6. What is f(8)?
-6
Let o(y) = 3*y**2 - 12*y - 4. Give o(6).
32
Let f(n) = -14*n**2 + 3*n + 4. Determine f(-1).
-13
Let r(h) = -h**3 - 6*h**2 - 6*h + 4. Give r(-3).
-5
Let x(y) = y**3 + 6*y**2 + 2*y + 2. Give x(-3).
23
Let j(x) = -2*x**2 + 2*x + 4. Calculate j(-2).
-8
Let m(w) = -w**2 + 12*w + 9. Determine m(0).
9
Let z(f) = -f**3 - 3*f**2 + f + 4. Give z(-3).
1
Let v(t) = t**2 + t - 7. Calculate v(-3).
-1
Let s(b) = -2*b**2 - 12*b - 5. Determine s(-6).
-5
Let d(u) = 3*u + 24. What is d(-12)?
-12
Let y(q) = -q**3 + 5*q**2. Give y(5).
0
Let s(v) = -v**2 + 2*v + 358. Determine s(20).
-2
Let w(m) = -23*m**2 + m + 2. What is w(-2)?
-92
Let s(z) = -z**2 + 11*z + 13. Give s(12).
1
Let k(r) = -10*r + 2. Give k(-1).
12
Let l(q) = q**2 + 9*q - 11. What is l(8)?
125
Let f(g) = -g**2 - 14*g + 5. What is f(-10)?
45
Let o(u) = u**3 - 12*u**2 + 7*u + 8. Calculate o(11).
-36
Let u(c) = c**3 + 9*c**2 + c - 1. Calculate u(-9).
-10
Let h(v) = -v**2 + v - 3. Determine h(0).
-3
Let p(j) = -6*j**3 + 47*j**2 + 45*j - 2. Calculate p(-1).
6
Let i(f) = f**2 + 6*f + 6. Give i(-1).
1
Let m(k) = -9*k + 3. Determine m(3).
-24
Let j(d) = -d**2 + 16*d + 31. What is j(17)?
14
Let o(w) = 3*w**2 - 7*w - 1. Calculate o(3).
5
Let o(r) = -r**2 + 8*r + 15. Give o(-2).
-5
Let c(x) = x**2 + 14*x - 3. Give c(-12).
-27
Let b(u) = -u**2 + 27*u - 44. What is b(22)?
66
Let f(h) = 7*h + 62. What is f(-10)?
-8
Let s(z) = 21*z + 105. What is s(-5)?
0
Let n(s) = -s**3 + 7*s**2 + s + 63. Give n(8).
7
Let x(k) = 10*k**2 + 74*k + 24. Determine x(-7).
-4
Let h(g) = 26*g + 60. Determine h(-2).
8
Let v(i) = i**3 - 3*i**2 + i - 5. Give v(4).
15
Let z(b) = -b**3 - 5*b**2 - 4*b + 6. What is z(-4)?
6
Let n(f) = -8*f**2 - 4*f + 1. Give n(2).
-39
Let t(m) = m**3 - 43*m**2 - 2*m + 91. Give t(43).
5
Let t(n) = -n**3 - 4*n**2 + n - 5. Give t(-5).
15
Let u(g) = 2*g. Give u(-6).
-12
Let v(w) = -7*w**3 + 2*w**2 - 2*w. Calculate v(1).
-7
Let t(x) = -2*x**2 + 21*x + 7. Give t(10).
17
Let o(i) = i**3 - 21*i**2 - 19*i - 54. Give o(22).
12
Let t(r) = 14*r - 7. Determine t(3).
35
Let h(p) = 2*p**2 + 22*p + 7. Determine h(-4).
-49
Let u(q) = 5*q**2 - 15*q - 7. Calculate u(3).
-7
Let y(f) = -f**3 + 8*f**2 - 2*f + 7. Determine y(8).
-9
Let p(w) = 3*w + 7. Give p(-5).
-8
Let a(p) = p**3 + 12*p**2 - 12*p - 4. What is a(-12)?
140
Let x(u) = -u**3 + 9*u**2 + u + 13. Give x(9).
22
Let y(d) = -3*d**3 - 32*d**2 + 11*d - 11. Give y(-11).
-11
Let v(p) = -p**3 - 7*p**2 + 5*p - 20. Determine v(-8).
4
Let y(v) = v**2 - 7*v - 3. What is y(8)?
5
Let z(k) = k**2 + 6*k - 5. Determine z(-8).
11
Let o(g) = -g**3 + 7*g**2 + 10*g + 3. Calculate o(8).
19
Let o(i) = -i**2 + 14*i - 59. Give o(6).
-11
Let a(b) = 5*b - 7. Determine a(7).
28
Let m(q) = -q**3 - 22*q**2 - 38*q + 34. What is m(-20)?
-6
Let h(d) = 10*d + 245. Give h(-24).
5
Let i(h) = -h**2 - 3*h. Give i(5).
-40
Let x(p) = -p**2 - 10*p - 9. Give x(-6).
15
Let f(n) = 2*n**2 + 9*n + 7. What is f(-4)?
3
Let b(m) = -2*m**3 - 14*m**2 - 14*m - 9. Determine b(-6).
3
Let j(p) = -p**3 - 8*p**2 + 2*p + 3. What is j(-8)?
-13
Let f(y) = y**2 + 11*y - 10. Calculate f(-11).
-10
Let a(b) = -b**2 - 2*b + 30. Calculate a(0).
30
Let q(r) = r**3 - 7*r**2 - 3*r + 8. Calculate q(7).
-13
Let m(o) = -o**2 - 13*o - 12. Give m(-12).
0
Let q(d) = -4*d + 3. Calculate q(8).
-29
Let t(k) = 35*k + 74. What is t(-2)?
4
L